57175?
5
What is the tens digit of 1192622?
2
What is the thousands digit of 6497038?
7
What is the thousands digit of 277856?
7
What is the thousands digit of 9162072?
2
What is the hundred thousands digit of 4795765?
7
What is the tens digit of 1451126?
2
What is the units digit of 473989?
9
What is the tens digit of 7639265?
6
What is the hundred thousands digit of 481643?
4
What is the hundreds digit of 207980?
9
What is the ten thousands digit of 5021331?
2
What is the hundred thousands digit of 5532843?
5
What is the hundreds digit of 1329158?
1
What is the hundred thousands digit of 939559?
9
What is the millions digit of 12643561?
2
What is the hundreds digit of 1253573?
5
What is the hundreds digit of 197560?
5
What is the units digit of 503575?
5
What is the millions digit of 2470420?
2
What is the ten thousands digit of 100219?
0
What is the hundreds digit of 4044259?
2
What is the hundreds digit of 1509069?
0
What is the units digit of 470090?
0
What is the tens digit of 322385?
8
What is the tens digit of 308370?
7
What is the thousands digit of 423550?
3
What is the units digit of 1248325?
5
What is the tens digit of 4392050?
5
What is the tens digit of 359887?
8
What is the hundred thousands digit of 2298782?
2
What is the tens digit of 518842?
4
What is the hundreds digit of 360289?
2
What is the thousands digit of 5837095?
7
What is the ten thousands digit of 363047?
6
What is the hundreds digit of 669875?
8
What is the units digit of 1557940?
0
What is the ten thousands digit of 10366837?
6
What is the thousands digit of 133387?
3
What is the units digit of 258308?
8
What is the units digit of 2248135?
5
What is the thousands digit of 1141891?
1
What is the ten millions digit of 12825334?
1
What is the hundreds digit of 8061675?
6
What is the ten thousands digit of 14289709?
8
What is the ten thousands digit of 9292924?
9
What is the hundreds digit of 6006856?
8
What is the hundred thousands digit of 33796208?
7
What is the tens digit of 143565?
6
What is the units digit of 1655413?
3
What is the hundreds digit of 27916914?
9
What is the ten thousands digit of 1240307?
4
What is the tens digit of 1100991?
9
What is the tens digit of 4861822?
2
What is the millions digit of 13695132?
3
What is the units digit of 1769535?
5
What is the ten thousands digit of 1246714?
4
What is the hundreds digit of 250881?
8
What is the millions digit of 1142584?
1
What is the tens digit of 140281?
8
What is the millions digit of 2930720?
2
What is the ten thousands digit of 13038363?
3
What is the hundred thousands digit of 1663401?
6
What is the ten thousands digit of 16598817?
9
What is the units digit of 282895?
5
What is the tens digit of 1369701?
0
What is the hundred thousands digit of 101240?
1
What is the units digit of 1033794?
4
What is the hundred thousands digit of 3705538?
7
What is the hundred thousands digit of 158581?
1
What is the millions digit of 1061404?
1
What is the thousands digit of 11703467?
3
What is the units digit of 12124?
4
What is the thousands digit of 4687948?
7
What is the tens digit of 937985?
8
What is the ten thousands digit of 171330?
7
What is the hundreds digit of 10865?
8
What is the hundred thousands digit of 156177?
1
What is the hundreds digit of 3398412?
4
What is the tens digit of 611134?
3
What is the ten thousands digit of 488535?
8
What is the hundreds digit of 14228891?
8
What is the ten millions digit of 37800925?
3
What is the ten thousands digit of 2932106?
3
What is the millions digit of 2750997?
2
What is the ten thousands digit of 159324?
5
What is the hundred thousands digit of 1173793?
1
What is the hundred thousands digit of 6479815?
4
What is the tens digit of 917906?
0
What is the thousands digit of 3406614?
6
What is the tens digit of 251464?
6
What is the hundreds digit of 244339?
3
What is the hundred thousands digit of 342711?
3
What is the hundreds digit of 2815483?
4
What is the thousands digit of 772544?
2
What is the hundreds digit of 272762?
7
What is the units digit of 3860358?
8
What is the ten thousands digit of 19361252?
6
What is the hundred thousands digit of 401961?
4
What is the thousands digit of 26941782?
1
What is the ten thousands digit of 168144?
6
What is the ten thousands digit of 265993?
6
What is the thousands digit of 120556?
0
What is the hundred thousands digit of 1216602?
2
What is the hundreds digit of 139804?
8
What is the hundreds digit of 8823999?
9
What is the units digit of 718626?
6
What is the thousands digit of 148669?
8
What is the ten thousands digit of 430454?
3
What is the units digit of 6076651?
1
What is the hundred thousands digit of 925237?
9
What is the millions digit of 4354363?
4
What is the millions digit of 15487366?
5
What is the hundreds digit of 163527?
5
What is the thousands digit of 1807437?
7
What is the hundred thousands digit of 2016828?
0
What is the tens digit of 4991556?
5
What is the millions digit of 1186252?
1
What is the hundred thousands digit of 247375?
2
What is the millions digit of 22253602?
2
What is the hundred thousands digit of 6116063?
1
What is the units digit of 2063341?
1
What is the millions digit of 10039746?
0
What is the hundreds digit of 667463?
4
What is the hundreds digit of 1720525?
5
What is the hundreds digit of 3266402?
4
What is the tens digit of 6378478?
7
What is the tens digit of 2695868?
6
What is the thousands digit of 495402?
5
What is the ten thousands digit of 140806?
4
What is the tens digit of 157820?
2
What is the hundreds digit of 202308?
3
What is the units digit of 5553667?
7
What is the hundred thousands digit of 3327050?
3
What is the units digit of 2090422?
2
What is the hundred thousands digit of 345078?
3
What is the ten thousands digit of 2092639?
9
What is the units digit of 67077?
7
What is the tens digit of 10493856?
5
What is the tens digit of 6858221?
2
What is the units digit of 665783?
3
What is the hundreds digit of 26964?
9
What is the thousands digit of 522031?
2
What is the hundred thousands digit of 291287?
2
What is the units digit of 3042448?
8
What is the tens digit of 198524?
2
What is the thousands digit of 8923527?
3
What is the hundred thousands digit of 4860801?
8
What is the tens digit of 204703?
0
What is the tens digit of 208717?
1
What is the units digit of 2493144?
4
What is the ten thousands digit of 3976679?
7
What is the tens digit of 597352?
5
What is the tens digit of 348964?
6
What is the units digit of 803368?
8
What is the ten thousands digit of 12482076?
8
What is the ten thousands digit of 773789?
7
What is the ten thousands digit of 416193?
1
What is the thousands digit of 338066?
8
What is the tens digit of 910872?
7
What is the tens digit of 23674524?
2
What is the thousands digit of 421426?
1
What is the millions digit of 6467578?
6
What is the thousands digit of 54542?
4
What is the hundred thousands digit of 332140?
3
What is the tens digit of 382114?
1
What is the units digit of 1531430?
0
What is the hundreds digit of 6558815?
8
What is the millions digit of 7128384?
7
What is the tens digit of 1707462?
6
What is the millions digit of 1855035?
1
What is the units digit of 747433?
3
What is the ten thousands digit of 82805?
8
What is the units digit of 420266?
6
What is the tens digit of 1802288?
8
What is the thousands digit of 724566?
4
What is the thousands digit of 1918760?
8
What is the hundreds digit of 14617840?
8
What is the ten thousands digit of 11703074?
0
What is the ten thousands digit of 4249451?
4
What is the hundreds digit of 486121?
1
What is the ten thousands digit of 10716960?
1
What is the ten thousands digit of 572117?
7
What is the hundred thousands digit of 1112208?
1
What is the units digit of 27917761?
1
What is the hundred thousands digit of 1579476?
5
What is the millions digit of 29729222?
9
What is the units digit of 661310?
0
What is the hundreds digit of 992?
9
What is the units digit of 679686?
6
What is the hundreds digit of 8675863?
8
What is the units digit of 1381259?
9
What is the hundreds digit of 8442935?
9
What is the tens digit of 17715170?
7
What is the hundred thousands digit of 3617776?
6
What is the units digit of 24758652?
2
What is the ten thousands digit of 1411400?
1
What is the